are the prime factors of p(-7)?
23
Let n(x) = x + 24. List the prime factors of n(18).
2, 3, 7
Let j = -14 + 5. Let p = j - -12. List the prime factors of p.
3
Let t = -12 - -41. List the prime factors of t.
29
Let r = 88 - 52. What are the prime factors of r?
2, 3
Suppose -s + 2*b = -41, 0*s + 154 = 4*s + 2*b. What are the prime factors of s?
3, 13
Suppose -m - 56 = -8*m. Suppose -f + 5 = -m. List the prime factors of f.
13
List the prime factors of 2352/20 + -3 + 6/15.
5, 23
Suppose 2 = 2*l + 6. What are the prime factors of 3 + l + 14 - 0?
3, 5
Let u(h) = 7*h**2 - 3*h + 2. Let z be u(2). List the prime factors of 270/8 - (-6)/z.
2, 17
Let u(r) = 122*r. List the prime factors of u(1).
2, 61
Suppose 15 = 4*a + 3. Suppose -4*x - a*g = -7*x - 6, 0 = x - 2*g + 7. List the prime factors of x.
3
Let m(t) = -t**3 + 5*t**2 + 15*t + 6. List the prime factors of m(-5).
181
Suppose -r = 4, -4 = 3*p + 4*r + 75. Let q = p - -34. What are the prime factors of q?
13
Let z(g) = g**2 - 8*g + 3. What are the prime factors of z(11)?
2, 3
Suppose -4*a - 6 = -d - a, -2 = 2*d + a. Suppose -i + d*i = -60. Suppose -3*b + i = b. List the prime factors of b.
3, 5
Let t(j) = -j**3 + 17*j**2 - 14*j - 2. List the prime factors of t(16).
2, 3, 5
Let v(s) be the first derivative of -s**5/60 - 13*s**4/24 - s**3 - s**2 + 4. Let g(j) be the second derivative of v(j). List the prime factors of g(-11).
2
Suppose 5 = y, -s + 13 = 2*y + y. What are the prime factors of (2 - -6) + s/(-2)?
3
Suppose 0 = 3*q - 0*q - 147. What are the prime factors of q?
7
Suppose 4*f = -2*t + 26, -t - t = 3*f - 23. Let c = t - 5. Suppose 4*w + 11 = k - 5, -4*k = -c*w - 36. What are the prime factors of k?
2
Let f = 25 - -89. List the prime factors of f.
2, 3, 19
Let f(a) be the second derivative of a**4/12 + a**3/2 - a**2 - a. Let s be f(-4). Suppose -48 = -3*g + 3*p, -2*g + s*p - 5*p = -12. List the prime factors of g.
2, 3
Suppose 13*x - 2*x = 671. List the prime factors of x.
61
Let q be (-10)/(-5)*4/(-1). Let h = q + 18. List the prime factors of h.
2, 5
What are the prime factors of (88/11)/((-2)/(-17))?
2, 17
Let k(b) = b**2 + 9*b - 5. Let n be k(-9). Let v = -2 - n. Suppose -v*w - 2 = -4*w. List the prime factors of w.
2
Suppose 3*a = -w - 8, -w - a = -3*w - 16. What are the prime factors of ((-2)/3)/(w/36)?
3
Suppose -7 = -4*s - 3. Let a(c) = c**2 - 3*c - 1. Let m be a(-2). Let i = m - s. List the prime factors of i.
2
Let r = 21 - 56. What are the prime factors of 0 - (r + (-1 - -2))?
2, 17
Let s = -235 - -348. What are the prime factors of s?
113
Let v(d) = 32*d**2 + 3*d - 2. List the prime factors of v(1).
3, 11
Let o be ((-2)/(-5))/((-2)/(-10)). Let v be (7 + -6)/(-2 + (-30)/(-14)). Suppose o*m + 55 = v*m. What are the prime factors of m?
11
What are the prime factors of 1/4 + (-1434)/(-24)?
2, 3, 5
Suppose 58 = -u - 4*y, -3*y - 212 = 4*u - 7*y. Let d = u + 21. What are the prime factors of ((-1)/(-3))/((-1)/d)?
11
Let i = -3 + 5. Let c be 3 + i + -5 + 67. Suppose 0 = -5*x + 4*f + 28 + 30, f + c = 5*x. What are the prime factors of x?
2, 7
Let x = 41 - 60. Let y = x + 41. List the prime factors of y.
2, 11
Let x = 0 + 3. Suppose 0 = -5*l - 2*d + 124, d + x*d - 8 = 0. What are the prime factors of l?
2, 3
Let y = -15 + 37. Suppose 0 = -i + y - 7. List the prime factors of i.
3, 5
Suppose -3*y = -4*y - 3. Let m = -1 - y. What are the prime factors of m?
2
List the prime factors of 2 - -143 - -2*(-3)/(-6).
2, 73
Let m(w) = -w**2 - 14*w - 1. List the prime factors of m(-10).
3, 13
Let g = -4 + 6. Suppose 3*o = 5*m + 22, -3*o + 30 = g*m + m. List the prime factors of o.
3
Let y be 42/9 - (-8)/(-12). Suppose -f + 165 = y*f. What are the prime factors of f?
3, 11
Let y(m) = 2*m**2 + 6*m - 5. Let b be y(-5). Suppose 14 = c - b. List the prime factors of c.
29
Let b = 32 - 58. Let s = b - -36. What are the prime factors of s?
2, 5
Let o be 4 + 0/(-1) + -3. What are the prime factors of o/4 + (-1095)/(-20)?
5, 11
Suppose -p = -0*p. Let x = p + 3. What are the prime factors of x?
3
Let k = 328 - 183. List the prime factors of k.
5, 29
Suppose 4*r = 3*y + 6 + 12, -4*y - 20 = -4*r. Let x = 24 + y. List the prime factors of x.
2, 11
Suppose -10*m + 6*m = f - 270, 0 = 4*m - 4*f - 260. List the prime factors of m.
67
Suppose 5*k = -3*t + 172, 0 = -t - 2 + 6. List the prime factors of k.
2
Let w(f) = -29*f - 14. What are the prime factors of w(-4)?
2, 3, 17
Let r = -3 - -190. List the prime factors of r.
11, 17
Let t be (12/(-18))/((-2)/(-78)). Suppose 0 = -4*a - v - 58, 48 = -7*a + 3*a + 4*v. Let w = a - t. List the prime factors of w.
2, 3
Suppose 4*n = 4*u + 76, -u = -3*n - 16 + 71. Suppose 2*p = 2*o - 44, 4*o - 70 - n = -2*p. What are the prime factors of o?
2, 11
Let r(n) be the second derivative of -n**3/2 + 3*n**2/2 + n. Let s be r(2). What are the prime factors of 10 + 0 + 1 + s?
2
Suppose 0 = r - 3 + 1. Suppose 31 = r*v + 5*l, v - 75 = -2*v + 2*l. Let d = v - 16. List the prime factors of d.
7
Suppose j = -j + 12. Let l = 19 - j. List the prime factors of l.
13
Suppose 2*l = -3 - 3. Let h = l - -12. List the prime factors of h.
3
List the prime factors of 51/(((-2)/4)/(4/(-8))).
3, 17
Let f be (0 - 3 - 5)/(-2). Let p be f/6*(-5 + 2). List the prime factors of 0 - -3 - p - -1.
2, 3
Let c = 60 + -20. Suppose 0 = 5*b + 3*a - c, 3*a = -2*a. List the prime factors of b.
2
Let z be (-3 + -3)*2/4. Let k(j) = -2 + 3 + 3 + j**3 + 5*j**2 + 3*j. List the prime factors of k(z).
13
Let l(f) = -f**3 + f + 4. Let i be l(0). Suppose -5*k = 4*u - 36, -4 = -3*u - 2*k + i*k. Suppose 3*j = u*j - 12. What are the prime factors of j?
2, 3
Suppose 3*n = -6, 5*p + 2*n - 432 = p. What are the prime factors of p?
109
Let i(r) be the first derivative of 2*r**2 + r + 1. List the prime factors of i(3).
13
Let y be (-4)/(-10) - (-606)/10. Let l = y - 7. Suppose 3*n + 18 = l. List the prime factors of n.
2, 3
Suppose -4*y = 3*k - 470, y - 3*k = k + 108. What are the prime factors of y?
2, 29
List the prime factors of 1 - 112/(-6) - 28/(-21).
3, 7
Suppose 0 = -2*x + x + 19. What are the prime factors of x?
19
Let w(o) = -32*o - 6. What are the prime factors of w(-3)?
2, 3, 5
Let m be (-2)/(-7) - (-30)/(-7). Let q be ((-2)/m)/(4/(-56)). Let c(p) = p**3 + 7*p**2 + 4. List the prime factors of c(q).
2
Suppose -p + 7*p - 630 = 0. What are the prime factors of p?
3, 5, 7
Suppose 8*y + 35 = 3*y. Let u be (-36)/21*y/2. Suppose u - 28 = -z + 5*j, 0 = 5*z + 2*j - 83. List the prime factors of z.
17
Let s = 52 - -86. What are the prime factors of s?
2, 3, 23
Suppose -4*b + 31 = -45. What are the prime factors of b?
19
Let o(p) = p**2 - 3*p**3 + 2*p**3 + 2 - 8*p**2. Let s(z) = -z**2 - 3*z - 3. Let g be s(-4). List the prime factors of o(g).
2
Let m be 63/49 + 4/(-14). Suppose 0*q + m = -q, -4*q + 1 = 5*g. List the prime factors of (25/(-5))/(g/(-2)).
2, 5
Let k(l) = 7*l**2 - 17*l + 14. Let m(j) = 3*j**2 - 9*j + 7. Let w(u) = 2*k(u) - 5*m(u). List the prime factors of w(9).
11
Let a = 81 - 48. Suppose -3*j + a = 5*o - 68, 3*o - 111 = -3*j. List the prime factors of j.
2, 3, 7
Let y(m) be the first derivative of m**3 - 7*m**2/2 - 7*m + 7. List the prime factors of y(5).
3, 11
Suppose 3*z + 2*o - 14 = 0, -4*o + 4 = -0*o. Suppose -u - u - z = 0, 4*y = u + 50. What are the prime factors of y?
2, 3
Suppose -v + 0*v + 12 = -c, 0 = 2*c + 2*v + 12. Let t(i) = -2*i + 5. List the prime factors of t(c).
23
Let n = 1 - -2. Let d(z) = -1 - 4 + 1 - n - 2*z. What are the prime factors of d(-8)?
3
Let w(l) = l**2 + 6*l - 3. Let s be w(-5). Let p be (-2)/(-2 + 4)*1. List the prime factors of p/4 - 74/s.
3
Suppose 0 = 2*w + 3 - 15. Let v = 15 - w. Let l = 11 + v. List the prime factors of l.
2, 5
Let s(u) = -7 + 2*u - 5*u + 0*u. List the prime factors of s(-5).
2
Let n = 50 - 35. List the prime factors of n.
3, 5
Suppose 0 = s - 92 - 96. What are the prime factors of s?
2, 47
Let o = -5 - -11. Let c = 10 - o. List the prime factors of c.
2
Let x(c) = 8*c - 3. Suppose r - 5*k - 10 = -0, -5*k - 15 = 0. Let o = r - -7. What are the prime factors of x(o)?
13
Let q = -17 - -55. List the prime factors of q.
2, 19
Suppose 215 = 4*s + 4*g - 69, 5*g = 5*s - 325. List the prime factors of s.
2, 17
Let w be (-28)/12 + (-4)/(-3). Suppose -r + 6 = -8. Let y = r -